{"id":1269,"date":"2018-03-02T08:23:32","date_gmt":"2018-03-02T01:23:32","guid":{"rendered":"http:\/\/mienbacelectric.com\/?post_type=product&#038;p=1269"},"modified":"2024-05-10T17:52:48","modified_gmt":"2024-05-10T10:52:48","slug":"tram-bien-ap-kieu-cot","status":"publish","type":"product","link":"https:\/\/mienbacelectric.com\/?product=tram-bien-ap-kieu-cot","title":{"rendered":"TR\u1ea0M BI\u1ebeN \u00c1P H\u1ee2P B\u1ed8 KI\u1ec2U C\u1ed8T"},"content":{"rendered":"<p>Tr\u1ea1m bi\u1ebfn \u00e1p ki\u1ec1u c\u1ed9t ph\u00f9 h\u1ee3p v\u1edbi c\u00e1c khu \u0111\u00f4 th\u1ecb, c\u00e1c trung t\u00e2m th\u01b0\u01a1ng m\u1ea1i.<\/p>\n<p><strong>\u01afu \u0111i\u1ec3m<\/strong>: Ti\u1ebft ki\u1ec7n \u0111\u01b0\u1ee3c chi ph\u00ed \u0111\u1ea7u t\u01b0 so v\u1edbi c\u00e1c tr\u1ea1m truy\u1ec1n th\u1ed1ng v\u00e0 ti\u1ebft ki\u1ec7m \u0111\u01b0\u1ee3c \u0111\u1ea5t \u0111ai.<\/p>\n<p>Tr\u1ea1m c\u00f3 th\u1ec3 l\u1eafp \u0111\u1eb7t \u0111\u01b0\u1ee3c \u1edf nh\u1eefng n\u01a1i c\u00f4ng c\u1ed9ng c\u00f3 kh\u00f4ng gian h\u1eb9p, m\u1eadt \u0111\u1ed9 d\u00e2n c\u01b0 cao.<\/p>\n","protected":false},"excerpt":{"rendered":"<p>T\u00ean s\u1ea3n ph\u1ea9m: Tr\u1ea1m bi\u1ebfn \u00e1p h\u1ee3p b\u1ed9 ki\u1ec3u c\u1ed9t<\/p>\n<p>T\u00ecnh tr\u1ea1ng: H\u00e0ng m\u1edbi 100%.<\/p>\n","protected":false},"featured_media":1409,"comment_status":"open","ping_status":"closed","template":"","meta":[],"product_cat":[269,261],"product_tag":[],"yoast_head":"<!-- This site is optimized with the Yoast SEO plugin v22.6 - https:\/\/yoast.com\/wordpress\/plugins\/seo\/ -->\n<title>TR\u1ea0M BI\u1ebeN \u00c1P H\u1ee2P B\u1ed8 KI\u1ec2U C\u1ed8T - C\u00d4NG TY TNHH C\u01a0 \u0110I\u1ec6N MI\u1ec0N B\u1eaeC. HOTLINE 0913.601.155<\/title>\n<meta name=\"robots\" content=\"index, follow, max-snippet:-1, max-image-preview:large, max-video-preview:-1\" \/>\n<link rel=\"canonical\" href=\"https:\/\/mienbacelectric.com\/?product=tram-bien-ap-kieu-cot\" \/>\n<meta property=\"og:locale\" content=\"vi_VN\" \/>\n<meta property=\"og:type\" content=\"article\" \/>\n<meta property=\"og:title\" content=\"TR\u1ea0M BI\u1ebeN \u00c1P H\u1ee2P B\u1ed8 KI\u1ec2U C\u1ed8T - C\u00d4NG TY TNHH C\u01a0 \u0110I\u1ec6N MI\u1ec0N B\u1eaeC. HOTLINE 0913.601.155\" \/>\n<meta property=\"og:description\" content=\"T\u00ean s\u1ea3n ph\u1ea9m: Tr\u1ea1m bi\u1ebfn \u00e1p h\u1ee3p b\u1ed9 ki\u1ec3u c\u1ed9t  T\u00ecnh tr\u1ea1ng: H\u00e0ng m\u1edbi 100%.\" \/>\n<meta property=\"og:url\" content=\"https:\/\/mienbacelectric.com\/?product=tram-bien-ap-kieu-cot\" \/>\n<meta property=\"og:site_name\" content=\"C\u00d4NG TY TNHH C\u01a0 \u0110I\u1ec6N MI\u1ec0N B\u1eaeC. HOTLINE 0913.601.155\" \/>\n<meta property=\"article:modified_time\" content=\"2024-05-10T10:52:48+00:00\" \/>\n<meta property=\"og:image\" content=\"https:\/\/mienbacelectric.com\/wp-content\/uploads\/2024\/05\/2.-ANH-TRAM-TRU-HOP-BO.png\" \/>\n\t<meta property=\"og:image:width\" content=\"754\" \/>\n\t<meta property=\"og:image:height\" content=\"1029\" \/>\n\t<meta property=\"og:image:type\" content=\"image\/png\" \/>\n<meta name=\"twitter:card\" content=\"summary_large_image\" \/>\n<script type=\"application\/ld+json\" class=\"yoast-schema-graph\">{\"@context\":\"https:\/\/schema.org\",\"@graph\":[{\"@type\":\"WebPage\",\"@id\":\"https:\/\/mienbacelectric.com\/?product=tram-bien-ap-kieu-cot\",\"url\":\"https:\/\/mienbacelectric.com\/?product=tram-bien-ap-kieu-cot\",\"name\":\"TR\u1ea0M BI\u1ebeN \u00c1P H\u1ee2P B\u1ed8 KI\u1ec2U C\u1ed8T - C\u00d4NG TY TNHH C\u01a0 \u0110I\u1ec6N MI\u1ec0N B\u1eaeC. HOTLINE 0913.601.155\",\"isPartOf\":{\"@id\":\"https:\/\/mienbacelectric.com\/#website\"},\"primaryImageOfPage\":{\"@id\":\"https:\/\/mienbacelectric.com\/?product=tram-bien-ap-kieu-cot#primaryimage\"},\"image\":{\"@id\":\"https:\/\/mienbacelectric.com\/?product=tram-bien-ap-kieu-cot#primaryimage\"},\"thumbnailUrl\":\"https:\/\/mienbacelectric.com\/wp-content\/uploads\/2024\/05\/2.-ANH-TRAM-TRU-HOP-BO.png\",\"datePublished\":\"2018-03-02T01:23:32+00:00\",\"dateModified\":\"2024-05-10T10:52:48+00:00\",\"breadcrumb\":{\"@id\":\"https:\/\/mienbacelectric.com\/?product=tram-bien-ap-kieu-cot#breadcrumb\"},\"inLanguage\":\"vi\",\"potentialAction\":[{\"@type\":\"ReadAction\",\"target\":[\"https:\/\/mienbacelectric.com\/?product=tram-bien-ap-kieu-cot\"]}]},{\"@type\":\"ImageObject\",\"inLanguage\":\"vi\",\"@id\":\"https:\/\/mienbacelectric.com\/?product=tram-bien-ap-kieu-cot#primaryimage\",\"url\":\"https:\/\/mienbacelectric.com\/wp-content\/uploads\/2024\/05\/2.-ANH-TRAM-TRU-HOP-BO.png\",\"contentUrl\":\"https:\/\/mienbacelectric.com\/wp-content\/uploads\/2024\/05\/2.-ANH-TRAM-TRU-HOP-BO.png\",\"width\":754,\"height\":1029},{\"@type\":\"BreadcrumbList\",\"@id\":\"https:\/\/mienbacelectric.com\/?product=tram-bien-ap-kieu-cot#breadcrumb\",\"itemListElement\":[{\"@type\":\"ListItem\",\"position\":1,\"name\":\"Home\",\"item\":\"https:\/\/mienbacelectric.com\/\"},{\"@type\":\"ListItem\",\"position\":2,\"name\":\"S\u1ea3n ph\u1ea9m\",\"item\":\"https:\/\/mienbacelectric.com\/?page_id=54\"},{\"@type\":\"ListItem\",\"position\":3,\"name\":\"TR\u1ea0M BI\u1ebeN \u00c1P H\u1ee2P B\u1ed8 KI\u1ec2U C\u1ed8T\"}]},{\"@type\":\"WebSite\",\"@id\":\"https:\/\/mienbacelectric.com\/#website\",\"url\":\"https:\/\/mienbacelectric.com\/\",\"name\":\"C\u00d4NG TY TNHH C\u01a0 \u0110I\u1ec6N MI\u1ec0N B\u1eaeC. HOTLINE 0913.601.155\",\"description\":\"\",\"potentialAction\":[{\"@type\":\"SearchAction\",\"target\":{\"@type\":\"EntryPoint\",\"urlTemplate\":\"https:\/\/mienbacelectric.com\/?s={search_term_string}\"},\"query-input\":\"required name=search_term_string\"}],\"inLanguage\":\"vi\"}]}<\/script>\n<!-- \/ Yoast SEO plugin. -->","yoast_head_json":{"title":"TR\u1ea0M BI\u1ebeN \u00c1P H\u1ee2P B\u1ed8 KI\u1ec2U C\u1ed8T - C\u00d4NG TY TNHH C\u01a0 \u0110I\u1ec6N MI\u1ec0N B\u1eaeC. HOTLINE 0913.601.155","robots":{"index":"index","follow":"follow","max-snippet":"max-snippet:-1","max-image-preview":"max-image-preview:large","max-video-preview":"max-video-preview:-1"},"canonical":"https:\/\/mienbacelectric.com\/?product=tram-bien-ap-kieu-cot","og_locale":"vi_VN","og_type":"article","og_title":"TR\u1ea0M BI\u1ebeN \u00c1P H\u1ee2P B\u1ed8 KI\u1ec2U C\u1ed8T - C\u00d4NG TY TNHH C\u01a0 \u0110I\u1ec6N MI\u1ec0N B\u1eaeC. HOTLINE 0913.601.155","og_description":"T\u00ean s\u1ea3n ph\u1ea9m: Tr\u1ea1m bi\u1ebfn \u00e1p h\u1ee3p b\u1ed9 ki\u1ec3u c\u1ed9t  T\u00ecnh tr\u1ea1ng: H\u00e0ng m\u1edbi 100%.","og_url":"https:\/\/mienbacelectric.com\/?product=tram-bien-ap-kieu-cot","og_site_name":"C\u00d4NG TY TNHH C\u01a0 \u0110I\u1ec6N MI\u1ec0N B\u1eaeC. HOTLINE 0913.601.155","article_modified_time":"2024-05-10T10:52:48+00:00","og_image":[{"width":754,"height":1029,"url":"https:\/\/mienbacelectric.com\/wp-content\/uploads\/2024\/05\/2.-ANH-TRAM-TRU-HOP-BO.png","type":"image\/png"}],"twitter_card":"summary_large_image","schema":{"@context":"https:\/\/schema.org","@graph":[{"@type":"WebPage","@id":"https:\/\/mienbacelectric.com\/?product=tram-bien-ap-kieu-cot","url":"https:\/\/mienbacelectric.com\/?product=tram-bien-ap-kieu-cot","name":"TR\u1ea0M BI\u1ebeN \u00c1P H\u1ee2P B\u1ed8 KI\u1ec2U C\u1ed8T - C\u00d4NG TY TNHH C\u01a0 \u0110I\u1ec6N MI\u1ec0N B\u1eaeC. HOTLINE 0913.601.155","isPartOf":{"@id":"https:\/\/mienbacelectric.com\/#website"},"primaryImageOfPage":{"@id":"https:\/\/mienbacelectric.com\/?product=tram-bien-ap-kieu-cot#primaryimage"},"image":{"@id":"https:\/\/mienbacelectric.com\/?product=tram-bien-ap-kieu-cot#primaryimage"},"thumbnailUrl":"https:\/\/mienbacelectric.com\/wp-content\/uploads\/2024\/05\/2.-ANH-TRAM-TRU-HOP-BO.png","datePublished":"2018-03-02T01:23:32+00:00","dateModified":"2024-05-10T10:52:48+00:00","breadcrumb":{"@id":"https:\/\/mienbacelectric.com\/?product=tram-bien-ap-kieu-cot#breadcrumb"},"inLanguage":"vi","potentialAction":[{"@type":"ReadAction","target":["https:\/\/mienbacelectric.com\/?product=tram-bien-ap-kieu-cot"]}]},{"@type":"ImageObject","inLanguage":"vi","@id":"https:\/\/mienbacelectric.com\/?product=tram-bien-ap-kieu-cot#primaryimage","url":"https:\/\/mienbacelectric.com\/wp-content\/uploads\/2024\/05\/2.-ANH-TRAM-TRU-HOP-BO.png","contentUrl":"https:\/\/mienbacelectric.com\/wp-content\/uploads\/2024\/05\/2.-ANH-TRAM-TRU-HOP-BO.png","width":754,"height":1029},{"@type":"BreadcrumbList","@id":"https:\/\/mienbacelectric.com\/?product=tram-bien-ap-kieu-cot#breadcrumb","itemListElement":[{"@type":"ListItem","position":1,"name":"Home","item":"https:\/\/mienbacelectric.com\/"},{"@type":"ListItem","position":2,"name":"S\u1ea3n ph\u1ea9m","item":"https:\/\/mienbacelectric.com\/?page_id=54"},{"@type":"ListItem","position":3,"name":"TR\u1ea0M BI\u1ebeN \u00c1P H\u1ee2P B\u1ed8 KI\u1ec2U C\u1ed8T"}]},{"@type":"WebSite","@id":"https:\/\/mienbacelectric.com\/#website","url":"https:\/\/mienbacelectric.com\/","name":"C\u00d4NG TY TNHH C\u01a0 \u0110I\u1ec6N MI\u1ec0N B\u1eaeC. HOTLINE 0913.601.155","description":"","potentialAction":[{"@type":"SearchAction","target":{"@type":"EntryPoint","urlTemplate":"https:\/\/mienbacelectric.com\/?s={search_term_string}"},"query-input":"required name=search_term_string"}],"inLanguage":"vi"}]}},"_links":{"self":[{"href":"https:\/\/mienbacelectric.com\/index.php?rest_route=\/wp\/v2\/product\/1269"}],"collection":[{"href":"https:\/\/mienbacelectric.com\/index.php?rest_route=\/wp\/v2\/product"}],"about":[{"href":"https:\/\/mienbacelectric.com\/index.php?rest_route=\/wp\/v2\/types\/product"}],"replies":[{"embeddable":true,"href":"https:\/\/mienbacelectric.com\/index.php?rest_route=%2Fwp%2Fv2%2Fcomments&post=1269"}],"wp:featuredmedia":[{"embeddable":true,"href":"https:\/\/mienbacelectric.com\/index.php?rest_route=\/wp\/v2\/media\/1409"}],"wp:attachment":[{"href":"https:\/\/mienbacelectric.com\/index.php?rest_route=%2Fwp%2Fv2%2Fmedia&parent=1269"}],"wp:term":[{"taxonomy":"product_cat","embeddable":true,"href":"https:\/\/mienbacelectric.com\/index.php?rest_route=%2Fwp%2Fv2%2Fproduct_cat&post=1269"},{"taxonomy":"product_tag","embeddable":true,"href":"https:\/\/mienbacelectric.com\/index.php?rest_route=%2Fwp%2Fv2%2Fproduct_tag&post=1269"}],"curies":[{"name":"wp","href":"https:\/\/api.w.org\/{rel}","templated":true}]}}